{"id":325,"date":"2025-05-25T17:24:23","date_gmt":"2025-05-25T17:24:23","guid":{"rendered":"https:\/\/beiraom.coviseu-natura.pt\/2025\/?page_id=325"},"modified":"2025-08-03T15:09:38","modified_gmt":"2025-08-03T15:09:38","slug":"contacts","status":"publish","type":"page","link":"https:\/\/beiraom.coviseu-natura.pt\/2026\/en\/contacts\/","title":{"rendered":"Contacts"},"content":{"rendered":"\n<h2 class=\"wp-block-heading\">Events<\/h2>\n\n\n\n<p>&#8211;<strong> Email: <\/strong><a href=\"mailto:inscricoes@beiraom.coviseu-natura.pt\">inscricoes@beiraom.coviseu-natura.pt<\/a><\/p>\n\n\n\n<hr class=\"wp-block-separator has-alpha-channel-opacity\"\/>\n\n\n\n<p><strong>Clube de Orienta\u00e7\u00e3o de Viseu \u2013 Natura<\/strong><\/p>\n\n\n\n<p>&#8211; <strong>E-mail:<\/strong>&nbsp;<a href=\"mailto:coviseu@hotmail.com\">coviseu@hotmail.com<\/a><br>&#8211; <strong>Tel:<\/strong>&nbsp;(+351) 927 855 558<br>&#8211;<strong>&nbsp;<em>Webpage<\/em>:<\/strong><a href=\"https:\/\/www.coviseu-natura.pt\/\" target=\"_blank\" rel=\"noreferrer noopener\">&nbsp;https:\/\/www.coviseu-natura.pt<\/a><br>&#8211; <strong><em>Facebook:<\/em>&nbsp;<\/strong><a href=\"http:\/\/www.facebook.com\/coviseu\" target=\"_blank\" rel=\"noreferrer noopener\">http:\/\/www.facebook.com\/coviseu<\/a><\/p>\n\n\n\n<p><strong>&nbsp;<\/strong><br><strong>Federa\u00e7\u00e3o Portuguesa de Orienta\u00e7\u00e3o (FPO)<\/strong><\/p>\n\n\n\n<p>&#8211; <strong>E-mail:<\/strong>&nbsp;<a href=\"mailto:geral@fpo.pt\">geral@fpo.pt<\/a><br>&#8211; <strong>Tel:<\/strong>&nbsp;(+351) 244 575 074<br>&#8211; <strong><strong><em>Webpage<\/em><\/strong><\/strong>: &nbsp;<a href=\"http:\/\/www.fpo.pt\/\" target=\"_blank\" rel=\"noreferrer noopener\">http:\/\/www.fpo.pt<\/a><br>&#8211; <strong><em>Facebook<\/em>:&nbsp;<\/strong><a href=\"https:\/\/www.facebook.com\/fporientacao?fref=ts\" target=\"_blank\" rel=\"noreferrer noopener\">http:\/\/www.facebook.com\/fporientacao<\/a><\/p>\n\n\n\n<figure class=\"wp-block-image size-large\"><img loading=\"lazy\" decoding=\"async\" width=\"1024\" height=\"681\" src=\"https:\/\/beiraom.coviseu-natura.pt\/2025\/wp-content\/uploads\/sites\/2\/2025\/02\/66696436_2315029701865881_5010362659711746048_n-1024x681.jpg\" alt=\"\" class=\"wp-image-273\" srcset=\"https:\/\/beiraom.coviseu-natura.pt\/2026\/wp-content\/uploads\/sites\/2\/2025\/02\/66696436_2315029701865881_5010362659711746048_n-1024x681.jpg 1024w, https:\/\/beiraom.coviseu-natura.pt\/2026\/wp-content\/uploads\/sites\/2\/2025\/02\/66696436_2315029701865881_5010362659711746048_n-300x199.jpg 300w, https:\/\/beiraom.coviseu-natura.pt\/2026\/wp-content\/uploads\/sites\/2\/2025\/02\/66696436_2315029701865881_5010362659711746048_n-768x510.jpg 768w, https:\/\/beiraom.coviseu-natura.pt\/2026\/wp-content\/uploads\/sites\/2\/2025\/02\/66696436_2315029701865881_5010362659711746048_n-1536x1021.jpg 1536w, https:\/\/beiraom.coviseu-natura.pt\/2026\/wp-content\/uploads\/sites\/2\/2025\/02\/66696436_2315029701865881_5010362659711746048_n.jpg 2048w\" sizes=\"auto, (max-width: 767px) 89vw, (max-width: 1000px) 54vw, (max-width: 1071px) 543px, 580px\" \/><\/figure>\n\n\n\n<p><\/p>\n","protected":false},"excerpt":{"rendered":"<p>Events &#8211; Email: inscricoes@beiraom.coviseu-natura.pt Clube de Orienta\u00e7\u00e3o de Viseu \u2013 Natura &#8211; E-mail:&nbsp;coviseu@hotmail.com&#8211; Tel:&nbsp;(+351) 927 855 558&#8211;&nbsp;Webpage:&nbsp;https:\/\/www.coviseu-natura.pt&#8211; Facebook:&nbsp;http:\/\/www.facebook.com\/coviseu &nbsp;Federa\u00e7\u00e3o Portuguesa de Orienta\u00e7\u00e3o (FPO) &#8211; E-mail:&nbsp;geral@fpo.pt&#8211; Tel:&nbsp;(+351) 244 575 074&#8211; Webpage: &nbsp;http:\/\/www.fpo.pt&#8211; Facebook:&nbsp;http:\/\/www.facebook.com\/fporientacao<\/p>\n","protected":false},"author":1,"featured_media":0,"parent":0,"menu_order":0,"comment_status":"closed","ping_status":"closed","template":"","meta":{"footnotes":""},"class_list":["post-325","page","type-page","status-publish","hentry"],"_links":{"self":[{"href":"https:\/\/beiraom.coviseu-natura.pt\/2026\/wp-json\/wp\/v2\/pages\/325","targetHints":{"allow":["GET"]}}],"collection":[{"href":"https:\/\/beiraom.coviseu-natura.pt\/2026\/wp-json\/wp\/v2\/pages"}],"about":[{"href":"https:\/\/beiraom.coviseu-natura.pt\/2026\/wp-json\/wp\/v2\/types\/page"}],"author":[{"embeddable":true,"href":"https:\/\/beiraom.coviseu-natura.pt\/2026\/wp-json\/wp\/v2\/users\/1"}],"replies":[{"embeddable":true,"href":"https:\/\/beiraom.coviseu-natura.pt\/2026\/wp-json\/wp\/v2\/comments?post=325"}],"version-history":[{"count":2,"href":"https:\/\/beiraom.coviseu-natura.pt\/2026\/wp-json\/wp\/v2\/pages\/325\/revisions"}],"predecessor-version":[{"id":425,"href":"https:\/\/beiraom.coviseu-natura.pt\/2026\/wp-json\/wp\/v2\/pages\/325\/revisions\/425"}],"wp:attachment":[{"href":"https:\/\/beiraom.coviseu-natura.pt\/2026\/wp-json\/wp\/v2\/media?parent=325"}],"curies":[{"name":"wp","href":"https:\/\/api.w.org\/{rel}","templated":true}]}}