{"id":300,"date":"2025-02-16T15:30:02","date_gmt":"2025-02-16T15:30:02","guid":{"rendered":"https:\/\/beiraom.coviseu-natura.pt\/2025\/?page_id=300"},"modified":"2025-10-16T21:36:45","modified_gmt":"2025-10-16T21:36:45","slug":"campos-de-treino","status":"publish","type":"page","link":"https:\/\/beiraom.coviseu-natura.pt\/2026\/campos-de-treino\/","title":{"rendered":"Campos de Treino"},"content":{"rendered":"\n<p>O Clube de Orienta\u00e7\u00e3o de Viseu &#8211; Natura tem uma parceria de coopera\u00e7\u00e3o com a empresa <strong>O-Portugal<\/strong>. O conceito desta parceira \u00e9 desenvolver as melhores oportunidades de treino e condi\u00e7\u00f5es para todos os atletas que pretendam, nesta altura do ano, ter a possibilidade de realizar treinos t\u00e9cnicos com qualidade de topo mundial.&nbsp;<\/p>\n\n\n\n<p>A O-Portugal tratar\u00e1 tamb\u00e9m do seu alojamento e rent-a-car durante a sua estadia, caso assim o pretenda.&nbsp;<\/p>\n\n\n\n<p>Para mais treinos e informa\u00e7\u00f5es consultar <a href=\"http:\/\/www.o-portugal.pt\">www.o-portugal.pt<\/a>.<\/p>\n\n\n\n<p class=\"has-text-align-center\"><strong>Contactos<\/strong>:<br><a href=\"info.oportugal@gmail.com\"><strong>info.oportugal@gmail.com\u00a0<\/strong><br><\/a>(+351) 965197376\u00a0<br><a href=\"http:\/\/www.o-portugal.pt\"><strong>www.o-portugal.pt\u00a0<\/strong><br><\/a><a href=\"http:\/\/www.facebook.com\/orienteeringportugal\"><strong>http:\/\/www.facebook.com\/orienteeringportugal <\/strong><\/a><\/p>\n\n\n<div class=\"wp-block-image\">\n<figure class=\"aligncenter size-full\"><img loading=\"lazy\" decoding=\"async\" width=\"527\" height=\"202\" src=\"https:\/\/beiraom.coviseu-natura.pt\/2025\/wp-content\/uploads\/sites\/2\/2025\/02\/image-1.png\" alt=\"\" class=\"wp-image-301\" srcset=\"https:\/\/beiraom.coviseu-natura.pt\/2026\/wp-content\/uploads\/sites\/2\/2025\/02\/image-1.png 527w, https:\/\/beiraom.coviseu-natura.pt\/2026\/wp-content\/uploads\/sites\/2\/2025\/02\/image-1-300x115.png 300w\" sizes=\"auto, (max-width: 527px) 100vw, 527px\" \/><\/figure><\/div>","protected":false},"excerpt":{"rendered":"<p>O Clube de Orienta\u00e7\u00e3o de Viseu &#8211; Natura tem uma parceria de coopera\u00e7\u00e3o com a empresa O-Portugal. O conceito desta parceira \u00e9 desenvolver as melhores oportunidades de treino e condi\u00e7\u00f5es para todos os atletas que pretendam, nesta altura do ano, ter a possibilidade de realizar treinos t\u00e9cnicos com qualidade de topo mundial.&nbsp; A O-Portugal tratar\u00e1 &hellip; <\/p>\n<p class=\"link-more\"><a href=\"https:\/\/beiraom.coviseu-natura.pt\/2026\/campos-de-treino\/\" class=\"more-link\">Continuar a ler <span class=\"screen-reader-text\">&#8220;Campos de Treino&#8221;<\/span><\/a><\/p>\n","protected":false},"author":1,"featured_media":0,"parent":0,"menu_order":0,"comment_status":"closed","ping_status":"closed","template":"","meta":{"footnotes":""},"class_list":["post-300","page","type-page","status-publish","hentry"],"_links":{"self":[{"href":"https:\/\/beiraom.coviseu-natura.pt\/2026\/wp-json\/wp\/v2\/pages\/300","targetHints":{"allow":["GET"]}}],"collection":[{"href":"https:\/\/beiraom.coviseu-natura.pt\/2026\/wp-json\/wp\/v2\/pages"}],"about":[{"href":"https:\/\/beiraom.coviseu-natura.pt\/2026\/wp-json\/wp\/v2\/types\/page"}],"author":[{"embeddable":true,"href":"https:\/\/beiraom.coviseu-natura.pt\/2026\/wp-json\/wp\/v2\/users\/1"}],"replies":[{"embeddable":true,"href":"https:\/\/beiraom.coviseu-natura.pt\/2026\/wp-json\/wp\/v2\/comments?post=300"}],"version-history":[{"count":2,"href":"https:\/\/beiraom.coviseu-natura.pt\/2026\/wp-json\/wp\/v2\/pages\/300\/revisions"}],"predecessor-version":[{"id":537,"href":"https:\/\/beiraom.coviseu-natura.pt\/2026\/wp-json\/wp\/v2\/pages\/300\/revisions\/537"}],"wp:attachment":[{"href":"https:\/\/beiraom.coviseu-natura.pt\/2026\/wp-json\/wp\/v2\/media?parent=300"}],"curies":[{"name":"wp","href":"https:\/\/api.w.org\/{rel}","templated":true}]}}