{"id":13,"date":"2025-02-08T22:40:19","date_gmt":"2025-02-08T22:40:19","guid":{"rendered":"https:\/\/beiraom.coviseu-natura.pt\/2025\/?page_id=13"},"modified":"2026-02-16T00:11:07","modified_gmt":"2026-02-16T00:11:07","slug":"informacao-geral","status":"publish","type":"page","link":"https:\/\/beiraom.coviseu-natura.pt\/2026\/informacao-geral\/","title":{"rendered":"Informa\u00e7\u00e3o geral"},"content":{"rendered":"\n<p><strong>Diretor de Prova: <\/strong>Miguel N\u00f3brega<br><strong>Vice-Diretor de Prova<\/strong>: Ricardo Lopes<br><strong>Diretor T\u00e9cnico: <\/strong>Rui Martins<br><strong>Tra\u00e7ador de Percursos:<\/strong> Rui Martins, Jo\u00e3o Moura, Ricardo Lopes<br><strong>Supervisor FPO\/IOF: <\/strong>Rui Morais<strong> <\/strong><\/p>\n\n\n\n<p><strong>Model event<\/strong><br><strong><em>&#8211; \u26a0\ufe0f\ud83c\udd95 Santu\u00e1rio Nosso Sr\u00ba Dos Caminhos &#8211; S\u00e1t\u00e3o (see <a href=\"https:\/\/beiraom.coviseu-natura.pt\/2026\/localizacoes\/\" data-type=\"page\" data-id=\"298\">Localiza\u00e7\u00f5es<\/a>)<\/em><\/strong><\/p>\n\n\n\n<p><strong>Dorsais<\/strong><br>&#8211; O evento ter\u00e1 dorsais pr\u00f3prios que poder\u00e3o ser utilizados por <strong>TODOS <\/strong>os atletas<br>&#8211; Os dorsais s\u00e3o entregues aos atletas no secretariado<br>&#8211; A organiza\u00e7\u00e3o n\u00e3o permitir\u00e1 a partida de atletas sem dorsal, sendo que os atletas nacionais poder\u00e3o utilizar tamb\u00e9m o dorsal oficial da FPO<\/p>\n\n\n\n<p><strong>Partidas<\/strong><br>&#8211; N\u00e3o ser\u00e3o permitidas partidas a atletas sem SI (<em>chip<\/em>) ou peitoral, ou com um n\u00famero diferente do constante da inscri\u00e7\u00e3o&nbsp;<br>&#8211; Altera\u00e7\u00f5es de SI dever\u00e3o ser feitas com anteced\u00eancia por <strong><em><a href=\"inscricoes@beiraom.coviseu-natura.pt\">e-mail&nbsp;<\/a><\/em><\/strong><br>&#8211; Altera\u00e7\u00f5es de SI nos dias do evento s\u00f3 ser\u00e3o aceites ap\u00f3s valida\u00e7\u00e3o no secretariado <strong>e ter\u00e3o um custo de 5\u20ac<\/strong><br>&#8211; Os escal\u00f5es Abertos e os escal\u00f5es W\/M10 n\u00e3o t\u00eam hora de partida, apenas um intervalo de tempo onde podem iniciar a sua prova utilizando a esta\u00e7\u00e3o <em>start<\/em><br>&#8211; <strong>N\u00e3o s\u00e3o permitas altera\u00e7\u00f5es nos tempos de partidas<\/strong><\/p>\n\n\n\n<p><strong>Secretariado<\/strong><br>Funcionar\u00e1 nas arenas das tr\u00eas etapas (consultar hor\u00e1rios no <a href=\"https:\/\/beiraom.coviseu-natura.pt\/2026\/programa-2\/\" data-type=\"page\" data-id=\"383\">programa<\/a> e as localiza\u00e7\u00f5es em <a href=\"https:\/\/beiraom.coviseu-natura.pt\/2026\/localizacoes\/\" data-type=\"page\" data-id=\"298\">Localiza\u00e7\u00f5es<\/a>)<\/p>\n\n\n\n<p><strong>WC<\/strong><br>&#8211; Na arena (ver <a href=\"https:\/\/beiraom.coviseu-natura.pt\/2026\/localizacoes\/\">Localiza\u00e7\u00f5e<\/a>s)<\/p>\n\n\n\n<p><strong>Babysitting<\/strong><br>&#8211; Funcionar\u00e1 na arena das etapas de s\u00e1bado e domingo durante o hor\u00e1rio de provas (ver <a href=\"https:\/\/beiraom.coviseu-natura.pt\/2026\/localizacoes\/\">Localiza\u00e7\u00f5e<\/a>s)<br>&#8211; \u26a0\ufe0f\ud83c\udd95 <strong><em>Os interessados devem preencher o seguinte formul\u00e1rio: <a href=\"https:\/\/forms.gle\/imVTmtXLdjdCMUWa9\">https:\/\/forms.gle\/imVTmtXLdjdCMUWa9<\/a><\/em><\/strong><\/p>\n\n\n\n<p><strong>Bar:<\/strong><br>&#8211; Haver\u00e1 bar na arena no s\u00e1bado e domingo. O bar ser\u00e1 explorado por entidades externas \u00e0 organiza\u00e7\u00e3o<br>&#8211; O servi\u00e7o de bar, assim como o seu funcionamento e operacionaliza\u00e7\u00e3o n\u00e3o \u00e9 da responsabilidade do clube organizador do evento<\/p>\n\n\n\n<p><strong>Estacionamento: <\/strong><br>&#8211; No estacionamento do Santu\u00e1rio (ver <a href=\"https:\/\/beiraom.coviseu-natura.pt\/2025\/localizacoes\/\" data-type=\"page\" data-id=\"298\">Localiza\u00e7\u00f5es<\/a>). Apenas um parque ser\u00e1 aberto. <br>&#8211; Os atletas e acompanhantes devem seguir <strong>rigorosamente<\/strong> as indica\u00e7\u00f5es da organiza\u00e7\u00e3o<\/p>\n\n\n\n<p><strong>Alojamentos:<\/strong><br>&#8211; A organiza\u00e7\u00e3o disponibilizar\u00e1 solo duro (ver <a href=\"https:\/\/beiraom.coviseu-natura.pt\/2025\/localizacoes\/\" data-type=\"page\" data-id=\"298\">Localiza\u00e7\u00f5es<\/a>)<br>&#8211; Alojamentos S\u00e1t\u00e3o: <a href=\"https:\/\/www.cm-satao.pt\/conhecer-satao\/alojamento\">https:\/\/www.cm-satao.pt\/conhecer-satao\/alojamento<\/a><\/p>\n\n\n\n<p><strong>Banhos<\/strong><br>&#8211; No solo duro (ver <a href=\"https:\/\/beiraom.coviseu-natura.pt\/2025\/localizacoes\/\" data-type=\"page\" data-id=\"298\">Localiza\u00e7\u00f5es<\/a>)<\/p>\n\n\n\n<p><strong>Controlo Eletr\u00f3nico:<\/strong> <br>&#8211; O <strong>SPORTident<\/strong> \u00e9 o sistema de controlo eletr\u00f3nico usado nas provas da FPO<br> &#8211; <strong>Ser\u00e1 atribu\u00eddo um SICard <\/strong>aos atletas que n\u00e3o indicarem o n\u00famero do SICard no ato da inscri\u00e7\u00e3o. O pre\u00e7o <strong>por dia <\/strong>de aluguer para escal\u00f5es de competi\u00e7\u00e3o e de forma\u00e7\u00e3o ser\u00e1 de <strong>2\u20ac<\/strong> (no caso de SI Air o pre\u00e7o \u00e9 5\u20ac). Escal\u00f5es abertos est\u00e3o isentos desta taxa<br>&#8211; Em caso de mau funcionamento da esta\u00e7\u00e3o SI dever\u00e3o ser picotadas os quadrados de reserva existentes no mapa<br>&#8211; Os SICards alugados dever\u00e3o ser devolvidos \u00e0 organiza\u00e7\u00e3o no final da participa\u00e7\u00e3o do atleta. A n\u00e3o devolu\u00e7\u00e3o ou perda do SICard implica o pagamento de uma taxa que depende do tipo de SI (\u00e9 seguida a tabela de taxas da FPO)<\/p>\n\n\n\n<p><strong>Seguro:<\/strong><br>Todos os atletas est\u00e3o cobertos com seguro.<br>&#8211; <strong>Atletas federados na FPO:<\/strong> Cobertura gratuita pelo seguro desportivo da FPO.<br>&#8211; <strong>Restantes participantes em escal\u00f5es Open e de Forma\u00e7\u00e3o: <\/strong>seguro gratuito<br>&#8211;<strong> Restantes participantes em escal\u00e7oes de competi\u00e7\u00e3o:<\/strong> 2\u20ac por etapa (inclu\u00eddo na taxa de inscri\u00e7\u00e3o)<br>&#8211; Os participantes dever\u00e3o fornecer o seu n\u00famero de passaporte (preferencialmente) ou n\u00famero de identifica\u00e7\u00e3o nacional no processo de inscri\u00e7\u00e3o na plataforma&nbsp;&nbsp;OriOasis. Os cidad\u00e3os portugueses devem fornecer tamb\u00e9m o n\u00famero de NIF.<br>&#8211; O seguro da FPO e as condi\u00e7\u00f5es da ap\u00f3lice est\u00e3o fora do \u00e2mbito de responsabilidade dos organizadores do BEIRAOM 2026.<\/p>\n\n\n\n<p><strong>Recolha de mapas:<\/strong><br>&#8211; N\u00e3o haver\u00e1 recolha de mapas. Apela-se ao&nbsp;<em>Fair-Play<\/em>&nbsp;de todos os participantes para que n\u00e3o haja troca de informa\u00e7\u00f5es referentes aos percursos.<\/p>\n\n\n\n<p><strong>Sinaliza\u00e7\u00e3o:<\/strong><br>&#8211; Todos os locais\/eventos estar\u00e3o devidamente assinalados pela Organiza\u00e7\u00e3o com setas laranja e brancas. <strong>Os atletas devem seguir as indica\u00e7\u00f5es da organiza\u00e7\u00e3o.<\/strong><\/p>\n\n\n\n<p><strong>Pr\u00e9mios<\/strong>: <br><strong>BEIRA ALTA O\u2019MEETING:\u00a0<\/strong><br>&#8211; Pr\u00e9mio para os 3 primeiros (5 primeiros em Elite) atletas de todos os escal\u00f5es de competi\u00e7\u00e3o e abertos (Masculino e Femininos) (somat\u00f3rio dos pontos das etapas de s\u00e1bado e domingo)<br>&#8211; T\/10 e M\/W12 n\u00e3o ter\u00e3o pr\u00e9mio de classifica\u00e7\u00e3o, sendo que todos ser\u00e3o chamados para receber uma lembran\u00e7a<br>&#8211; Trof\u00e9u para os tr\u00eas primeiros clubes.\u00a0<br><strong>WORLD RANKING EVENT:\u00a0<\/strong><br>&#8211; Pr\u00e9mios para os 5 primeiros classificados das provas de WRE<br><br><strong>Escal\u00f5es de Elite:<\/strong><br>&#8211; Se o n\u00famero de inscritos em Homens Elite for superior a 100, o escal\u00e3o ser\u00e1 dividido em dois, seguindo o <strong>ranking IOF (data 15\/02\/2026).<\/strong><\/p>\n\n\n\n<p><strong>Tempo Limite:<\/strong><br>&#8211; 2 horas<\/p>\n\n\n\n<p><\/p>\n\n\n\n<figure class=\"wp-block-image size-large\"><img loading=\"lazy\" decoding=\"async\" width=\"1024\" height=\"683\" src=\"https:\/\/beiraom.coviseu-natura.pt\/2025\/wp-content\/uploads\/sites\/2\/2025\/02\/66479864_2315026978532820_7564405738697654272_n-1024x683.jpg\" alt=\"\" class=\"wp-image-268\" srcset=\"https:\/\/beiraom.coviseu-natura.pt\/2026\/wp-content\/uploads\/sites\/2\/2025\/02\/66479864_2315026978532820_7564405738697654272_n-1024x683.jpg 1024w, https:\/\/beiraom.coviseu-natura.pt\/2026\/wp-content\/uploads\/sites\/2\/2025\/02\/66479864_2315026978532820_7564405738697654272_n-300x200.jpg 300w, https:\/\/beiraom.coviseu-natura.pt\/2026\/wp-content\/uploads\/sites\/2\/2025\/02\/66479864_2315026978532820_7564405738697654272_n-768x512.jpg 768w, https:\/\/beiraom.coviseu-natura.pt\/2026\/wp-content\/uploads\/sites\/2\/2025\/02\/66479864_2315026978532820_7564405738697654272_n-1536x1024.jpg 1536w, https:\/\/beiraom.coviseu-natura.pt\/2026\/wp-content\/uploads\/sites\/2\/2025\/02\/66479864_2315026978532820_7564405738697654272_n.jpg 2048w\" sizes=\"auto, (max-width: 767px) 89vw, (max-width: 1000px) 54vw, (max-width: 1071px) 543px, 580px\" \/><\/figure>\n","protected":false},"excerpt":{"rendered":"<p>Diretor de Prova: Miguel N\u00f3bregaVice-Diretor de Prova: Ricardo LopesDiretor T\u00e9cnico: Rui MartinsTra\u00e7ador de Percursos: Rui Martins, Jo\u00e3o Moura, Ricardo LopesSupervisor FPO\/IOF: Rui Morais Model event&#8211; \u26a0\ufe0f\ud83c\udd95 Santu\u00e1rio Nosso Sr\u00ba Dos Caminhos &#8211; S\u00e1t\u00e3o (see Localiza\u00e7\u00f5es) Dorsais&#8211; O evento ter\u00e1 dorsais pr\u00f3prios que poder\u00e3o ser utilizados por TODOS os atletas&#8211; Os dorsais s\u00e3o entregues aos atletas &hellip; <\/p>\n<p class=\"link-more\"><a href=\"https:\/\/beiraom.coviseu-natura.pt\/2026\/informacao-geral\/\" class=\"more-link\">Continuar a ler <span class=\"screen-reader-text\">&#8220;Informa\u00e7\u00e3o geral&#8221;<\/span><\/a><\/p>\n","protected":false},"author":4,"featured_media":0,"parent":0,"menu_order":0,"comment_status":"closed","ping_status":"closed","template":"","meta":{"footnotes":""},"class_list":["post-13","page","type-page","status-publish","hentry"],"_links":{"self":[{"href":"https:\/\/beiraom.coviseu-natura.pt\/2026\/wp-json\/wp\/v2\/pages\/13","targetHints":{"allow":["GET"]}}],"collection":[{"href":"https:\/\/beiraom.coviseu-natura.pt\/2026\/wp-json\/wp\/v2\/pages"}],"about":[{"href":"https:\/\/beiraom.coviseu-natura.pt\/2026\/wp-json\/wp\/v2\/types\/page"}],"author":[{"embeddable":true,"href":"https:\/\/beiraom.coviseu-natura.pt\/2026\/wp-json\/wp\/v2\/users\/4"}],"replies":[{"embeddable":true,"href":"https:\/\/beiraom.coviseu-natura.pt\/2026\/wp-json\/wp\/v2\/comments?post=13"}],"version-history":[{"count":19,"href":"https:\/\/beiraom.coviseu-natura.pt\/2026\/wp-json\/wp\/v2\/pages\/13\/revisions"}],"predecessor-version":[{"id":753,"href":"https:\/\/beiraom.coviseu-natura.pt\/2026\/wp-json\/wp\/v2\/pages\/13\/revisions\/753"}],"wp:attachment":[{"href":"https:\/\/beiraom.coviseu-natura.pt\/2026\/wp-json\/wp\/v2\/media?parent=13"}],"curies":[{"name":"wp","href":"https:\/\/api.w.org\/{rel}","templated":true}]}}